 124113?
1
What is the hundreds digit of 9845274?
2
What is the tens digit of 264951?
5
What is the tens digit of 7009244?
4
What is the units digit of 18598656?
6
What is the hundred thousands digit of 331473?
3
What is the tens digit of 4272150?
5
What is the ten thousands digit of 75161?
7
What is the units digit of 19151?
1
What is the units digit of 29932?
2
What is the ten thousands digit of 661304?
6
What is the ten thousands digit of 206977?
0
What is the thousands digit of 9139273?
9
What is the ten thousands digit of 3491487?
9
What is the hundred thousands digit of 8563122?
5
What is the thousands digit of 563088?
3
What is the thousands digit of 1135711?
5
What is the hundreds digit of 105220?
2
What is the ten thousands digit of 3014828?
1
What is the millions digit of 1659942?
1
What is the thousands digit of 2517221?
7
What is the ten thousands digit of 181621?
8
What is the tens digit of 9908238?
3
What is the units digit of 3856898?
8
What is the ten thousands digit of 158252?
5
What is the ten thousands digit of 517302?
1
What is the millions digit of 1820232?
1
What is the ten thousands digit of 1602273?
0
What is the hundreds digit of 129609?
6
What is the ten thousands digit of 3327821?
2
What is the hundreds digit of 428511?
5
What is the hundred thousands digit of 445073?
4
What is the thousands digit of 7878057?
8
What is the thousands digit of 20902000?
2
What is the tens digit of 143970?
7
What is the hundreds digit of 391511?
5
What is the hundred thousands digit of 142699?
1
What is the tens digit of 2766255?
5
What is the hundreds digit of 579858?
8
What is the units digit of 1775880?
0
What is the tens digit of 315451?
5
What is the millions digit of 12551186?
2
What is the hundred thousands digit of 556652?
5
What is the hundred thousands digit of 1968087?
9
What is the units digit of 261223?
3
What is the ten thousands digit of 678063?
7
What is the millions digit of 1819870?
1
What is the hundreds digit of 1274567?
5
What is the thousands digit of 1761741?
1
What is the units digit of 294656?
6
What is the millions digit of 3706459?
3
What is the hundred thousands digit of 1769883?
7
What is the hundred thousands digit of 7229918?
2
What is the thousands digit of 54346?
4
What is the tens digit of 891268?
6
What is the ten thousands digit of 64792?
6
What is the hundreds digit of 1422452?
4
What is the ten thousands digit of 186467?
8
What is the units digit of 3031920?
0
What is the hundreds digit of 599084?
0
What is the hundred thousands digit of 935926?
9
What is the units digit of 371893?
3
What is the units digit of 17324611?
1
What is the hundred thousands digit of 228559?
2
What is the tens digit of 357102?
0
What is the tens digit of 592991?
9
What is the thousands digit of 813396?
3
What is the ten thousands digit of 1033668?
3
What is the thousands digit of 9364183?
4
What is the thousands digit of 6347601?
7
What is the ten thousands digit of 2222334?
2
What is the hundreds digit of 13385486?
4
What is the tens digit of 438428?
2
What is the hundred thousands digit of 202090?
2
What is the hundred thousands digit of 742221?
7
What is the hundreds digit of 72172?
1
What is the ten millions digit of 18277805?
1
What is the tens digit of 5083668?
6
What is the hundreds digit of 316517?
5
What is the thousands digit of 1720842?
0
What is the tens digit of 7956863?
6
What is the hundred thousands digit of 880482?
8
What is the tens digit of 165667?
6
What is the tens digit of 334336?
3
What is the ten millions digit of 12493961?
1
What is the millions digit of 1003010?
1
What is the hundred thousands digit of 3747176?
7
What is the units digit of 3601118?
8
What is the ten thousands digit of 30161844?
6
What is the hundred thousands digit of 191612?
1
What is the thousands digit of 1188874?
8
What is the hundreds digit of 7398069?
0
What is the hundreds digit of 229195?
1
What is the ten thousands digit of 4530895?
3
What is the tens digit of 97364?
6
What is the tens digit of 1179371?
7
What is the millions digit of 24226468?
4
What is the units digit of 36881391?
1
What is the ten thousands digit of 48558?
4
What is the ten thousands digit of 6598616?
9
What is the hundred thousands digit of 458604?
4
What is the millions digit of 7454264?
7
What is the hundred thousands digit of 1331356?
3
What is the hundred thousands digit of 330794?
3
What is the tens digit of 81922?
2
What is the thousands digit of 523478?
3
What is the ten millions digit of 18113151?
1
What is the units digit of 433861?
1
What is the millions digit of 21380997?
1
What is the ten thousands digit of 244071?
4
What is the hundreds digit of 925684?
6
What is the hundreds digit of 42145120?
1
What is the units digit of 3126398?
8
What is the tens digit of 248902?
0
What is the ten thousands digit of 6671592?
7
What is the hundred thousands digit of 876222?
8
What is the ten thousands digit of 42472?
4
What is the units digit of 2258310?
0
What is the hundred thousands digit of 28288754?
2
What is the hundred thousands digit of 4751727?
7
What is the units digit of 21447?
7
What is the ten thousands digit of 4115108?
1
What is the millions digit of 1247415?
1
What is the units digit of 22651359?
9
What is the hundred thousands digit of 152346?
1
What is the hundred thousands digit of 108821?
1
What is the tens digit of 10280745?
4
What is the tens digit of 14851?
5
What is the tens digit of 479959?
5
What is the ten thousands digit of 863601?
6
What is the hundred thousands digit of 556290?
5
What is the units digit of 451312?
2
What is the tens digit of 1310280?
8
What is the thousands digit of 11105951?
5
What is the thousands digit of 5878010?
8
What is the ten thousands digit of 3157699?
5
What is the hundred thousands digit of 726976?
7
What is the hundreds digit of 12399965?
9
What is the hundred thousands digit of 21042052?
0
What is the hundred thousands digit of 169782?
1
What is the ten thousands digit of 32662?
3
What is the thousands digit of 1674874?
4
What is the tens digit of 20383266?
6
What is the hundred thousands digit of 1513983?
5
What is the hundreds digit of 728110?
1
What is the tens digit of 163162?
6
What is the hundreds digit of 532001?
0
What is the hundreds digit of 9132785?
7
What is the tens digit of 4972745?
4
What is the thousands digit of 60798?
0
What is the hundreds digit of 799591?
5
What is the thousands digit of 152230?
2
What is the hundreds digit of 9574091?
0
What is the tens digit of 14481400?
0
What is the thousands digit of 2739393?
9
What is the tens digit of 248811?
1
What is the ten thousands digit of 1234483?
3
What is the millions digit of 7023294?
7
What is the thousands digit of 1110061?
0
What is the ten thousands digit of 656356?
5
What is the thousands digit of 22815427?
5
What is the units digit of 10917?
7
What is the thousands digit of 207748?
7
What is the thousands digit of 1375064?
5
What is the units digit of 2961862?
2
What is the millions digit of 3152900?
3
What is the hundreds digit of 2848123?
1
What is the units digit of 1584657?
7
What is the ten thousands digit of 651230?
5
What is the tens digit of 6446741?
4
What is the units digit of 616440?
0
What is the hundred thousands digit of 725466?
7
What is the millions digit of 11009882?
1
What is the thousands digit of 490613?
0
What is the ten thousands digit of 1029521?
2
What is the tens digit of 245334?
3
What is the tens digit of 1673138?
3
What is the tens digit of 8670782?
8
What is the hundred thousands digit of 40984370?
9
What is the thousands digit of 32253?
2
What is the thousands digit of 33425?
3
What is the millions digit of 1373177?
1
What is the hundreds digit of 98731?
7
What is the millions digit of 5599810?
5
What is the hundreds digit of 30310024?
0
What is the tens digit of 2158202?
0
What is the hundreds digit of 442971?
9
What is the ten thousands digit of 150001?
5
What is the ten thousands digit of 1039316?
3
What is the thousands digit of 6308570?
8
What is the units digit of 82899?
9
What is the ten thousands digit of 255471?
5
What is the units digit of 1012586?
6
What is the hundreds digit of 133988?
9
What is the ten thousands digit of 291809?
9
What is the ten millions digit of 14997